b**2 - 1341*b - 34. Calculate j(24).
3494
Let t(y) = -47*y**2 - 13952*y + 1899. Determine t(-297).
-180
Let l(w) = w**2 - 459768*w - 10575194. Determine l(-23).
-1
Let c(s) = -s**2 - 333*s - 23843. Determine c(-115).
1227
Let n(p) = 7*p**2 + 836*p + 366. What is n(-119)?
9
Let n(s) = -363486*s + 4725322. Determine n(13).
4
Let r(x) = 100237*x + 300714. Determine r(-3).
3
Let l(y) = -27*y**2 + 57*y + 2. Give l(-3).
-412
Let m(n) = -38*n**2 + 25*n - 152. Calculate m(5).
-977
Let r(l) = 10887*l + 2177397. What is r(-200)?
-3
Let m(v) = -2*v**3 + 146*v**2 + 1649*v - 41. What is m(-10)?
69
Let q(g) = -80835*g + 242460. Calculate q(3).
-45
Let w(f) = 161*f**2 + 71128*f - 15022. Determine w(-442).
6
Let t(q) = -q**3 + 180*q**2 - 1048*q + 859. Calculate t(174).
163
Let c(t) = 13*t**2 + 4241*t - 3274. What is c(-327)?
-4
Let u(t) = -6*t**2 - 23330*t + 139953. Calculate u(6).
-243
Let q(w) = -2*w**3 + 45*w**2 - 13*w - 74. What is q(22)?
124
Let r(l) = -l**2 - 2298*l + 1505572. Calculate r(532).
12
Let b(g) = 142*g**3 + 8*g**2 + 46*g + 31. Give b(-2).
-1165
Let a(z) = -346*z**2 - 2360*z + 222. Determine a(-7).
-212
Let q(h) = h**3 - 249*h**2 + 4376*h + 700. Give q(230).
2080
Let v(h) = -h**3 - 983*h**2 - 4804*h + 84070. Determine v(-978).
-38
Let o(l) = -14*l**3 + 5783*l**2 + 5775*l - 7. Give o(-1).
15
Let o(h) = h**2 + 160*h + 3698. What is o(-26)?
214
Let z(d) = -7*d**3 + 56*d**2 + 48*d - 22. What is z(9)?
-157
Let x(q) = -14*q**3 - 68*q**2 - q - 3. Give x(-5).
52
Let j(c) = c**3 + 12*c**2 + 10*c + 121. Give j(-9).
274
Let c(y) = 27317*y - 600987. Give c(22).
-13
Let m(z) = 10330*z - 62084. What is m(6)?
-104
Let i(f) = -49*f**2 + 4184*f + 26. Calculate i(86).
-2554
Let k(o) = 9*o**3 + 72*o**2 + 185*o + 1392. What is k(-8)?
-88
Let b(i) = 3*i**2 - 51*i + 241. Give b(20).
421
Let j(x) = 70*x**3 + 4*x**2 - 447*x + 445. Determine j(1).
72
Let r(k) = -4*k**3 + 79*k**2 - 22*k + 656. Determine r(20).
-184
Let h(b) = -b**2 + 2389*b - 28523. Determine h(12).
1
Let w(c) = -c**3 + 58*c**2 - 118*c - 127. What is w(56)?
-463
Let r(y) = -y**2 + 806*y - 13481. Calculate r(18).
703
Let l(k) = 39552*k + 276794. Calculate l(-7).
-70
Let o(g) = -g**3 + 15*g**2 + 11*g + 94. Calculate o(12).
658
Let l(n) = n**3 - 13*n**2 + 38*n - 492. Calculate l(13).
2
Let l(c) = 16*c**3 + 1458*c**2 + 197*c + 1365. Determine l(-91).
0
Let m(d) = 26*d**3 - 35*d**2 + 43*d + 14. Determine m(2).
168
Let s(g) = -1655*g + 24814. Give s(15).
-11
Let m(u) = u**3 + 35*u**2 + 19486*u + 702789. What is m(-36)?
-3
Let l(r) = -520*r - 20486. What is l(-38)?
-726
Let q(f) = -188*f + 557. What is q(1)?
369
Let f(w) = 3*w**3 + 12*w**2 - 287*w + 689. Determine f(3).
17
Let a(f) = 387*f + 1555. What is a(-13)?
-3476
Let c(f) = f**2 + 1839*f + 18346. Determine c(-10).
56
Let m(t) = -4954*t + 74297. Give m(15).
-13
Let u(j) = -8*j**2 + 765*j + 118605. Determine u(-83).
-2
Let k(t) = 12907*t + 12646. What is k(-1)?
-261
Let k(m) = -22*m**3 - 13*m**2 - m + 424. Calculate k(0).
424
Let n(a) = 57*a**2 - 12*a + 102. Give n(-6).
2226
Let m(k) = 269*k**2 + 44940*k + 2832. Calculate m(-167).
-7
Let t(x) = 54*x**2 + 6649*x + 914. Determine t(-123).
53
Let s(c) = 2558*c + 672752. Determine s(-263).
-2
Let n(j) = j**2 + 112*j + 1015. Determine n(-74).
-1797
Let s(d) = -4*d**3 - 31*d**2 + 123*d - 18. Calculate s(-10).
-348
Let o(w) = w**3 + 2*w**2 + 1076*w - 2158. Calculate o(2).
10
Let c(k) = -1539*k + 9802. Give c(6).
568
Let f(g) = -g**3 + 91*g**2 - 1658*g + 131713. Determine f(89).
-7
Let x(o) = -888571*o + 7997152. Give x(9).
13
Let l(m) = 2*m**2 + 702*m - 71977. Give l(-434).
67
Let d(o) = -17*o**2 + 3963*o - 374. Determine d(233).
92
Let y(r) = -r**3 + 9*r**2 + 104*r - 183. Calculate y(15).
27
Let o(k) = 317*k**2 - 4442*k + 81. Give o(14).
25
Let z(i) = -10534*i - 2549091. What is z(-242)?
137
Let q(v) = -1942*v + 159269. Determine q(82).
25
Let z(t) = t**2 - 7682*t + 7640359. Give z(1174).
-33
Let s(c) = c**3 - 3316*c**2 - 2675275*c + 1346. What is s(-671)?
4
Let b(f) = 23*f**3 + 634*f**2 + 916*f - 491. What is b(-26)?
29
Let z(k) = -5*k**3 + 22*k**2 + 92*k + 30. Calculate z(-6).
1350
Let q(z) = -165*z**2 + 3492*z + 66. Give q(21).
633
Let s(z) = z**3 - 34*z**2 + 32*z + 114. Determine s(33).
81
Let p(q) = -4737*q + 431060. Determine p(91).
-7
Let m(t) = -t**3 + 71*t**2 + 1300*t + 156. Give m(-15).
6
Let c(f) = 9686*f + 1578812. Give c(-163).
-6
Let r(k) = -742296*k - 18557404. Calculate r(-25).
-4
Let d(o) = -303*o - 44295. Calculate d(-146).
-57
Let y(r) = 1844*r + 180709. Determine y(-98).
-3
Let y(p) = p**2 - 40756*p - 2244639. Calculate y(-55).
-34
Let a(h) = -117*h**3 + 3*h**2 - 45*h + 80. Give a(2).
-934
Let v(q) = -19*q**3 + 2*q**2 - 89*q - 88. What is v(0)?
-88
Let j(t) = -552*t + 370947. Calculate j(672).
3
Let c(x) = 4*x**2 + 755*x - 163. Determine c(-189).
26
Let r(n) = 1338*n + 45833. What is r(-34)?
341
Let c(o) = -o**3 - 8144*o**2 + 57110*o - 372. Calculate c(7).
-1
Let a(k) = k**3 - 55*k**2 + 50*k + 305. Calculate a(54).
89
Let u(y) = -27*y**2 - 97*y - 456. Calculate u(-5).
-646
Let m(n) = -n**2 - 864*n - 170242. Give m(-560).
-2
Let l(k) = 33*k**2 + 306*k - 1253. Give l(4).
499
Let q(t) = 2*t**3 - 13*t**2 + 22*t - 140. What is q(7)?
63
Let j(r) = 4018*r - 68328. Determine j(17).
-22
Let l(a) = 221*a + 652. What is l(-5)?
-453
Let o(r) = -16*r**2 - 992*r - 3718. What is o(-58)?
-6
Let t(a) = -a**3 - 281*a**2 - 5930*a + 923. Give t(-258).
-109
Let g(j) = j**3 - 7*j**2 - 638*j + 6759. Calculate g(22).
-17
Let y(s) = -90*s**2 + 973*s - 311. Give y(10).
419
Let o(n) = 3*n**2 - 23144*n - 115768. Determine o(-5).
27
Let f(o) = -197*o**3 - 65*o + 66. Calculate f(1).
-196
Let t(w) = 195*w + 16750. Give t(-86).
-20
Let j(a) = 3*a**3 - a**2 - a + 2469. Calculate j(0).
2469
Let f(s) = -21077*s + 2465968. Give f(117).
-41
Let a(j) = -127*j**2 - 6574*j + 13646. What is a(2)?
-10
Let n(i) = 2*i**3 - 721*i**2 + 4594*i + 2784. What is n(354)?
-48
Let z(m) = m**2 - 72*m - 57. Calculate z(-8).
583
Let g(p) = 7854*p - 54853. Calculate g(7).
125
Let v(p) = 35383*p + 212280. Determine v(-6).
-18
Let r(h) = 16*h**2 + 14531*h - 55600. What is r(-912)?
32
Let m(k) = 2*k**2 - 24610*k + 614004. What is m(25)?
4
Let q(y) = 2*y**2 + 143*y + 253. Determine q(-70).
43
Let v(b) = -26*b**2 + 236*b - 513. What is v(3)?
-39
Let w(p) = 195596*p + 5085493. Calculate w(-26).
-3
Let a(y) = 54*y + 1603. Calculate a(-35).
-287
Let x(j) = -j**2 + 210*j + 61901. Calculate x(375).
26
Let w(d) = -86550*d + 2683052. Calculate w(31).
2
Let h(i) = 22*i + 2235. What is h(-68)?
739
Let a(p) = 10*p**3 - 24*p**2 - 834*p + 8330. Calculate a(10).
7590
Let a(o) = 347*o - 1294. Give a(6).
788
Let p(b) = -b**2 - 20834*b + 83349. Give p(4).
-3
Let u(y) = -2345*y + 143042. Determine u(61).
-3
Let k(o) = o**2 + 347*o + 23306. Give k(-91).
10
Let r(v) = 2343*v + 836. Give r(-1).
-1507
Let k(h) = 3*h**3 - 2195*h**2 - 685*h - 34412. Determine k(732).
-8
Let o(g) = -7360*g + 390108. Give o(53).
28
Let l(o) = 61*o**2 - 6341*o - 315. What is l(104)?
-3
Let i(g) = -7*g**2 + 81*g + 7046. Calculate i(38).
16
Let z(k) = -28531*k - 199040. Determine z(-7).
677
Let f(n) = 6*n**2 + 270*n + 1556. Determine f(-38).
-40
Let t(j) = -135*j - 168. Determine t(-2).
102
Let q(u) = 401*u - 8365. Give q(21).
56
Let j(i) = -i**3 + i**2 - 388*i - 388. What is j(0)?
-388
Let m(y) = y**3 - 96*y**2 + 1385*y - 717. Give m(17).
-3
Let u(k) = 208*k**2 - 6890*k + 861. Give u(33).
3
Let o(h) = -3*h**2 - 470*h - 17418. Determine o(-71).
829
Let z(s) = -5*s**2 + 125*s - 2031. What is z(31)?
-2961
Let b(v) = 197*v + 3629. Calculate b(-16).
477
Let r(c) = 2*c**2 + 44*c + 76. Give r(-17).
-94
Let l(w) = 17*w**2 + 28*w - 12. Give l(-2).
0
Let n(a) = 530*a - 2309. Determine n(8).
1931
Let i(h) = 12059*h + 301498. Give i(-25).
23
Let h(q) = 345881*q - 691772. Calculate h(2).
-10
Let p(f) = -6*f**2 - 2737*f - 5442. What is p(-2)?
8
Let w(u) = -763*u - 27157. Give w(-35).
-452
Let b(u) = 14749*u - 44194. Determine b(3).
53
Let u(s) = -19*s**2 + 5713*s + 1814. Determine u(301).
8
Let g(t) = 399*t - 3130. What is g(8)?
62
Let u(b) = 854*b + 5291. Give u(-7).
-687
Let o(x) = -2*x**2 - 581*x - 41760. Determine o(-182).
-2266
Let i(j) = j**3 - 429*j**2 - 3485*j - 4805. Calculate i(437).
2
Let t(w